composite?
False
Is 32061 a composite number?
True
Is 135179 composite?
True
Is 27957 prime?
False
Is 268013 composite?
False
Is 795743 prime?
False
Is 10757 composite?
True
Is 20323 a prime number?
True
Is 14213 composite?
True
Is 124291 prime?
True
Is 39293 composite?
False
Is 72859 a prime number?
True
Is 5591 a composite number?
False
Is 69401 composite?
False
Is 211007 a composite number?
False
Is 60509 a composite number?
False
Is 347239 composite?
False
Is 443 composite?
False
Is 69779 prime?
True
Is 78853 a prime number?
True
Is 80293 a composite number?
True
Is 146131 composite?
True
Is 245515 prime?
False
Is 1631 prime?
False
Is 149647 prime?
False
Is 50815 composite?
True
Is 288037 a composite number?
True
Is 265361 prime?
False
Is 84109 a composite number?
True
Is 483263 a prime number?
False
Is 18059 composite?
False
Is 35897 a prime number?
True
Is 39359 a prime number?
True
Is 229363 prime?
False
Is 66959 prime?
True
Is 132019 a composite number?
False
Is 278 composite?
True
Is 24809 a prime number?
True
Is 7985 a composite number?
True
Is 1771363 prime?
False
Is 2979367 prime?
True
Is 289078 composite?
True
Is 26839 prime?
True
Is 12323 a prime number?
True
Is 27215 prime?
False
Is 5207 prime?
False
Is 7379 a composite number?
True
Is 3137 composite?
False
Is 35935 a composite number?
True
Is 317411 prime?
True
Is 109738 a prime number?
False
Is 804181 a composite number?
True
Is 4391 prime?
True
Is 3199 composite?
True
Is 89849 composite?
False
Is 1271 prime?
False
Is 25719 a prime number?
False
Is 24733 prime?
True
Is 13367 a prime number?
True
Is 10973 composite?
False
Is 5333 composite?
False
Is 4952639 a composite number?
False
Is 604171 a composite number?
False
Is 202577 a prime number?
True
Is 13387 composite?
True
Is 744949 prime?
True
Is 465243 a prime number?
False
Is 352651 a composite number?
True
Is 126257 a composite number?
False
Is 91493 composite?
False
Is 5227 prime?
True
Is 16301 composite?
False
Is 1117 prime?
True
Is 6997 prime?
True
Is 915301 prime?
True
Is 12323 prime?
True
Is 55343 a composite number?
False
Is 3989 prime?
True
Is 171569 prime?
False
Is 568201 a composite number?
False
Is 3037 a prime number?
True
Is 4654381 prime?
True
Is 74561 a composite number?
False
Is 169537 prime?
False
Is 18461 a prime number?
True
Is 3671 composite?
False
Is 18519 a prime number?
False
Is 25657 a composite number?
False
Is 750562 a prime number?
False
Is 25391 a composite number?
False
Is 1081 composite?
True
Is 2609 prime?
True
Is 2237 composite?
False
Is 1007 prime?
False
Is 219647 a prime number?
True
Is 15419 prime?
False
Is 64231 prime?
True
Is 558167 a composite number?
False
Is 21001 a prime number?
True
Is 27043 prime?
True
Is 1384903 a composite number?
True
Is 198269 a prime number?
False
Is 5483 prime?
True
Is 226203 a composite number?
True
Is 162103 prime?
False
Is 237067 prime?
True
Is 14369 a prime number?
True
Is 76103 a composite number?
False
Is 1678129 a prime number?
True
Is 18407 composite?
True
Is 1637 a composite number?
False
Is 35729 composite?
False
Is 548953 prime?
True
Is 570173 a prime number?
True
Is 915757 a composite number?
False
Is 43147 a prime number?
False
Is 28201 prime?
True
Is 24997 a prime number?
False
Is 694717 a prime number?
True
Is 189337 prime?
True
Is 2039 prime?
True
Is 874301 a composite number?
False
Is 185593 a composite number?
False
Is 60209 a composite number?
False
Is 629887 a composite number?
True
Is 365659 composite?
True
Is 18503 composite?
False
Is 1862431 composite?
True
Is 907 a composite number?
False
Is 239437 composite?
True
Is 119347 a prime number?
False
Is 33479 a prime number?
True
Is 167515 a prime number?
False
Is 77399 a composite number?
True
Is 21181 a prime number?
False
Is 7079 a prime number?
True
Is 4386179 a prime number?
False
Is 13087 composite?
True
Is 1585 composite?
True
Is 34343 a prime number?
False
Is 54086 a composite number?
True
Is 17349 a prime number?
False
Is 1381 a composite number?
False
Is 3163 a prime number?
True
Is 47735 prime?
False
Is 14281 a composite number?
False
Is 1075391 a prime number?
True
Is 97367 a composite number?
False
Is 191153 composite?
True
Is 118529 a prime number?
True
Is 61507 a prime number?
True
Is 50887 composite?
True
Is 37039 composite?
False
Is 71387 composite?
False
Is 50359 a prime number?
True
Is 6073 a composite number?
False
Is 1474609 composite?
True
Is 18782 a prime number?
False
Is 15971 a prime number?
True
Is 51573 a composite number?
True
Is 19559 prime?
True
Is 30721 a composite number?
True
Is 7841 a prime number?
True
Is 1444441 composite?
False
Is 227309 prime?
False
Is 7619 prime?
False
Is 896251 composite?
True
Is 31469 prime?
True
Is 75289 prime?
True
Is 34663 prime?
False
Is 70049 composite?
True
Is 57731 a prime number?
True
Is 1733 a prime number?
True
Is 429577 a composite number?
True
Is 526798 composite?
True
Is 188807 a prime number?
False
Is 11209 a prime number?
False
Is 87569 prime?
False
Is 5261 a composite number?
False
Is 6614 a prime number?
False
Is 43535 a prime number?
False
Is 6637 prime?
True
Is 81989 a prime number?
False
Is 176977 a prime number?
True
Is 17179 composite?
True
Is 364027 composite?
False
Is 739 a prime number?
True
Is 184349 a prime number?
False
Is 61211 composite?
False
Is 2039567 composite?
False
Is 55235 a prime number?
False
Is 1518311 a prime number?
True
Is 2843 prime?
True
Is 1358569 composite?
True
Is 91673 a composite number?
False
Is 48155 a composite number?
True
Is 2298409 a prime number?
True
Is 93187 prime?
True
Is 3127 composite?
True
Is 56251 a prime number?
False
Is 5207 a composite number?
True
Is 369511 prime?
False
Is 36029 prime?
False
Is 66319 composite?
True
Is 4481 composite?
False
Is 34583 prime?
True
Is 41879 a composite number?
False
Is 977971 composite?
False
Is 1367323 a prime number?
True
Is 3839 a prime number?
False
Is 4751 a prime number?
True
Is 225257 composite?
False
Is 6086351 a composite number?
False
Is 103126 prime?
False
Is 16273 a composite number?
False
Is 66881 composite?
True
Is 56359 a composite number?
False
Is 10307 a prime number?
False
Is 47051 composite?
False
Is 2789 prime?
True
Is 14281 prime?
True
Is 4073 a prime number?
True
Is 985867 composite?
False
Is 18427 a composite number?
False
Is 35011 composite?
True
Is 280801 a prime number?
False
Is 5207 composite?
True
Is 129739 prime?
False
Is 9722 composite?
True
Is 382121 prime?
False
Is 9589 a prime number?
False
Is 195095 composite?
True
Is 893 a prime number?
False
Is 4561 a composite number?
False
Is 14909 prime?
False
Is 76427 composite?
True
Is 110197 a composite number?
True
Is 180521 a prime number?
False
Is 55054 prime?
False
Is 5561 prime?
False
Is 11819 a composite number?
True
Is 2057597 a prime number?
True
Is 1465 composite?
True
Is 32309 a prime number?
True
Is 39469 a composite number?
True
Is 32027 a composite number?
False
Is 613633 a prime number?
True
Is 24437 composite?
True
Is 12381 prime?
False
Is 698977 a prime number?
True
Is 764551 prime?
True
Is 1768385 prime?
False
Is 182089 prime?
True
Is 531151 composite?
True
Is 1784797 a composite number?
True
Is 587497 a composite number?
False
Is 13487 prime?
True
Is 130279 a prime number?
True
Is 311821 composite?
False
Is 697637 a composite number?
False
Is 531917 a prime number?
False
Is 2058373 composite?
False
Is 954991 prime?
True
Is 4759 a composite number?
False
Is 10289 a composite number?
False
Is 14843 prime?
True
Is 17273 a prime number?
False
Is 6637 composite?
False
Is 834023 composite?
False
Is 665423 a composite number?
True
Is 51571 a prime number?
False
Is 347027 a composite number?
True
Is 35141 prime?
True
Is 17783 composite?
False
Is 7993 a prime number?
True
Is 9553 composite?
True
Is 96137 prime?
True
Is 161911 prime?
True
Is 521993 composite?
False
Is 26591 composite?
False
Is 185219 prime?
False
Is 557933 prime?
False
Is 7637 composite?
True
Is 57127 composite?
True
Is 30739 composite?
True
Is 29329 composite?
True
Is 190753 prime?
True
Is 1610251 prime?
True
Is 603943 a composite number?
True
Is 10541 prime?
False
Is 1022009 composite?
True
Is 198001 prime?
False
Is 202889 a composite number?
False
Is 627433 composite?
False
Is 3940